 b(h) = 6*h**2 + 2*h + 6. Let g(x) = -5*x**2 - 2*x - 5. Let k be ((-14)/(-8))/((-4)/(-16)). Let n(j) = k*g(j) + 6*b(j). Let p = -209 - -213. Give n(p).
9
Let c = 344 - 821. Let x = c + 483. Let a(h) = -h + 11. Calculate a(x).
5
Let l be 2 + -23 - ((-11 - -26) + 37)/(-4). Let y(n) = 7*n + 2. Let o(f) = -4*f - 1. Let t(m) = -11*o(m) - 6*y(m). What is t(l)?
-17
Let m be (-8 - 220/(-30))*(-9)/(-2). Let l(r) = -r - 1. Let w(f) = 4*f - 4. Let u(n) = m*l(n) + w(n). What is u(3)?
20
Let m be 8 - 150/18 - (-16)/3. Let h(u) = -1 - 1 + 18*u - m*u - 3*u. Calculate h(-2).
-22
Suppose -11 = 7*c - 25. Suppose 0 = 4*x + 5*f - 28, c*x + 11*f - 14 = 12*f. Let o(m) = -m**2 + 7*m + 6. Determine o(x).
6
Suppose -168*g - 645 = 195. Let o(c) = c**3 + 5*c**2 + 7. Calculate o(g).
7
Let m(x) = 22*x + 34 - 6228*x**2 + 100 - 40 + 12455*x**2 - 6228*x**2. Determine m(26).
-10
Let g = 20 - 21. Let z be (-147)/(-9) + g/3. Let p(w) = -28*w - 2 + 10*w + z*w + w**2. What is p(3)?
1
Let m(v) = 2*v - 5. Let d be m(4). Let h(x) = -127*x**2 - 28*x - 10. Let p(z) = -53*z**2 - 12*z - 4. Let c(l) = 5*h(l) - 12*p(l). Determine c(d).
19
Let q = -4 + -4. Let s(u) = -4*u + 2. Let a(p) = -1 + 2 + 23*p - 7 - 4. Let o(z) = -6*a(z) - 34*s(z). Determine o(q).
8
Suppose -2*j + 2*x + 46 = 56, -9 = j - 3*x. Let n(o) = 0*o**2 - 10 + o**2 + 8 + 2*o + 3. Determine n(j).
4
Let g(d) be the third derivative of 0*d - 109*d**2 + 5/24*d**4 - 1/6*d**3 + 0. Determine g(-1).
-6
Suppose -8*o + 21 = -9*o. Let b = o - -23. Let u(w) = 5*w**2 - 10*w**b - 1 + 6*w**2 + w**3. Give u(1).
1
Let o(t) = 0 - 512*t**2 + 511*t**2 + 1 - 2. Let i = 14 + -15. Give o(i).
-2
Let r(z) be the second derivative of 7*z**3/6 - 71*z**2/2 - 475*z + 2. What is r(12)?
13
Let l(q) be the first derivative of q**4/4 - 7*q**3/3 + 2*q**2 + 16*q + 2709. Give l(6).
4
Let d(r) = 6*r + 101. Suppose 0 = 4*n + 2*s + 62, 5*n + 154*s - 159*s = -25. Give d(n).
29
Let j(k) = k**3 + 5*k**2 + 4*k. Suppose 11*f = 6*f + 155. Suppose f*l - 12 = 35*l. Determine j(l).
6
Let l(p) = -p**3 + 13*p**2 - 25*p + 11. Let u be (-530)/(-45) - -2 - (-22)/99 - 3. Give l(u).
-22
Let c(u) = 2*u**2 - 45*u + 9. Let q(m) = 3*m**2 - 84*m + 17. Let t(w) = -5*c(w) + 3*q(w). What is t(-28)?
-22
Let k(d) be the second derivative of -1/2*d**4 + 0 + 1/2*d**2 + 131*d + 1/6*d**3. Calculate k(-1).
-6
Suppose 10*l - 9*l - 2 = 0. Suppose -6 = -5*d + i + l*i, 2*i = 2*d. Suppose -12 + 18 = -d*u. Let c(q) = -3*q - 3. Give c(u).
3
Let t(b) = 6*b**2 + 47*b + 38. Let o be t(-7). Let d(k) be the second derivative of 0 + 1/6*k**o - 13*k + 0*k**2. What is d(-1)?
-1
Let c = 889 - 874. Suppose -69 = c*k - 9. Let h(g) = g**2 + 5*g + 1. Give h(k).
-3
Let u(b) be the first derivative of b**4/4 - 4*b**3 - 27*b**2/2 + 20*b + 875. What is u(14)?
34
Let y(u) = -4*u**2 - 12 - 2 - 9*u + 2 + 3*u**2. Let j(g) = -g + 10. Let q be j(10). Suppose q = 2*o - o + 8. Give y(o).
-4
Let o(m) be the first derivative of -20 + m**2 + 0*m - 2/3*m**3. Suppose -2*l + 6*l = 3*p + 6, -5*p + 3*l + 1 = 0. Give o(p).
-4
Let h(m) = m**3 + 6*m**2 - 6*m + 5. Let f = 18 + -15. Suppose 0 = 4*v + f*v - 28. Let d be (v/4)/(4/(-28)). Calculate h(d).
-2
Let y be (-21 - -28) + 2*4. Let z(w) = -w**3 + 17*w**2 - 30*w - 1. Let m be z(y). Let g(i) = -10*i**2 - 2*i - 1. Determine g(m).
-9
Suppose 10746*o = 10717*o + 174. Let i(v) = -v**3 + 6*v**2 + 2*v - 12. Determine i(o).
0
Suppose -5*n = 5, -5*d - 67 = -d + 3*n. Let o(c) = -28*c - 14. Let r(l) = -19*l - 15. Let a(x) = -2*o(x) + 3*r(x). What is a(d)?
-1
Let b(i) = 2*i**2 - 14*i - 12. Let x be b(-1). Let y be 2/(-2) + 3 + x + -11. Let f(p) = -p**3 - 7*p**2 - 5*p + 3. Determine f(y).
-22
Let p(a) = -a**2 - 31*a + 2. Let s be p(-31). Suppose 58 = s*y + 44. Let o(c) = c**2 - 10*c + 21. What is o(y)?
0
Let l(k) be the first derivative of -2/3*k**3 + 1/120*k**5 + 0*k**2 - 15 + 1/8*k**4 + 0*k. Let j(o) be the third derivative of l(o). Give j(-12).
-9
Let h(c) be the third derivative of 1/30*c**5 + 48*c + 1/12*c**4 - c**2 + 1/2*c**3 + 0. Suppose -5*t + 2*t + 2*i - 3 = 0, -i + 12 = -5*t. Determine h(t).
15
Suppose 3*h = -3*k + 18 + 69, 0 = 12*k + 3*h - 339. Let z(f) = f**3 - 26*f**2 - 54*f - 69. Give z(k).
-13
Let c(z) = 27*z**3 + 100*z**2 + 33*z + 284. Let x(g) = -5*g**3 - 20*g**2 - 8*g - 57. Let y(p) = 2*c(p) + 11*x(p). What is y(-19)?
-2
Let m(d) = -d - 12. Suppose 3*x + 37 = -0*y + 2*y, -3*y + 3*x + 63 = 0. Let z = y + -23. Let f(c) = -2*c - 13. Let v(h) = z*m(h) - 2*f(h). Give v(7).
-3
Let x(u) = 2082*u - 2 - 693*u - 700*u - 693*u. Determine x(2).
-10
Let o(h) = -2*h + 2. Let w(g) = -30*g - 9. Let j be w(-1). Let t be (14/j)/(8/6)*8. What is o(t)?
-6
Let d(m) = 8*m - 38. Suppose 21*z - 45 = 39. What is d(z)?
-6
Let l(w) = -20*w. Let y = 421 + -373. Suppose 14*b + y = 34. Determine l(b).
20
Let y(h) = -3*h**3 + 2*h**3 + 2*h**3. Let u(d) = 144*d + 12243. Let n be u(-85). What is y(n)?
27
Let r(n) = n**3 + 51*n**2 + 2*n + 97. Let v = -8292 + 8241. Calculate r(v).
-5
Let d(o) = 11*o + 19. Let h(f) = -13*f**2 + f + 1. Let n be h(1). Let j(p) = -30*p - 56. Let m(z) = n*d(z) - 4*j(z). What is m(0)?
15
Suppose 14*d - 56 + 0 = 0. Suppose -22*v - d*v = 26. Let b(t) = t**3. Give b(v).
-1
Let w(f) = 3*f - 1. Let i(r) be the second derivative of r**3/2 - r**2/2 - 29*r. Let y = 0 - 2. Let m(l) = y*w(l) + 3*i(l). Determine m(-3).
-10
Let a(m) be the first derivative of m**3/3 + 9*m**2/2 + 15*m - 2916. Determine a(-7).
1
Let j(l) = l**2 - 3*l - 2. Let r(h) be the first derivative of h**4/4 - 4*h**3/3 - 2*h**2 + 8*h - 6. Let a be r(4). Let w be 4/(-6) + a/6. Calculate j(w).
8
Let m(z) be the second derivative of -1/12*z**4 - 1/2*z**2 - 11/20*z**5 + 2 + 1/3*z**3 + 30*z. Calculate m(1).
-11
Let a(f) = -9*f**2 - 33*f - 6. Let p(t) = -17*t**2 - 61*t - 11. Let h(w) = -11*a(w) + 6*p(w). Calculate h(-2).
-6
Let c = 317 + -314. Let f(x) = 2 + 4 - c - 2*x + x**2. Let o = 12 + -8. What is f(o)?
11
Let t(f) = 93*f**2 - 246*f**2 + 85*f**2 - 7*f + 74*f**2 - 1. Determine t(1).
-2
Let y = -1371 + 1491. Let u be (-1*3)/(9/(-354)). Let q(m) = -2 - 4 - u*m + y*m. Calculate q(10).
14
Let a(u) = -15*u + 16. Suppose 0 = -5*y + y + 20. Let v = 12 - y. Let l(b) = 5*b - 5. Let z(i) = v*l(i) + 2*a(i). What is z(3)?
12
Let h(d) = -2*d**2 + 8*d + 2. Let c(z) = -2*z**3 - 5*z**2 + 12*z + 5. Let o be c(-4). Determine h(o).
-8
Let r = 3723 - 3725. Let g(i) be the third derivative of -i**4/24 + 3*i**2. What is g(r)?
2
Let l(a) = -4 - 2*a**3 + 3*a**3 - 3*a**2 + 10. Let k(b) = b**2. Let i be 12 + -21 - (-3 - 1). Let v(c) = i*k(c) + l(c). Calculate v(8).
6
Suppose -28*z = -30*z + 24. Let y be (-2)/(-11) - z/66. Let c(b) = b**3 + b + 10. Calculate c(y).
10
Suppose -5*l = -5*t + 300, 4*l - t - 4*t + 243 = 0. Let n = 59 + l. Let p(f) = -8*f**2 - f**n + 2 + 10*f**2 + f. Determine p(2).
8
Let n(c) = -c**2 - 2*c - 1. Let y(x) = 6*x**2 + 14*x + 5. Suppose -3*t + 5 = -8*t. Let k(z) = t*y(z) - 5*n(z). Determine k(-4).
0
Let l(v) = -5*v - 1. Suppose -4*y = -23 - 13. Suppose -6 + 0 = 2*a + 4*b, -a + 4*b = -y. Give l(a).
-6
Let l(f) = -4*f**3 + 3*f + 0*f - 3 + 8*f**3 + 2*f**3. Give l(1).
6
Let v be -1*(-1755 + -3 - 7). Let p(q) = 0*q + q - v + 1768. Calculate p(0).
3
Let t(b) = 4 - 114*b**2 - 2 + 103*b**2. Let n be t(-1). Let q(g) = 13*g**2 - 21*g**2 - 8 + 7*g**2 - 10*g - 3. Give q(n).
-2
Let m be 7 - 7 - 36/(-1). Let r(u) = 2 + 40*u + 3 - m*u - 3. Let g = -2 + -1. Determine r(g).
-10
Let v(s) = -13*s**2 - 11*s + 5. Let h(j) = -3*j**2 - j + 2. Let p(f) = 3*h(f) - v(f). Give p(-3).
13
Let s(n) = -3*n**2 + 2*n - 1. Let h(q) be the first derivative of q**4/2 + 10*q**3 + q**2/2 + 17*q - 46. Let m be h(-15). What is s(m)?
-9
Let s(r) = -2 + 3*r + 2 + 22*r - 17*r. Let i be (-9)/6*10/3. Let b = i - -6. What is s(b)?
8
Let u(r) = -2. Let s(d) = d - 5. Let v(i) = -2*s(i) + 5*u(i). Let x be ((-48)/12 - -5)/(-1). Give v(x).
2
Let i(q) = q**2 - 11*q - 39. Suppose 266 = 18*y - 36 + 32. Determine i(y).
21
Let o(z) = 5*z + 1. Let l(h) = 7*h - 4. Let u(d) = 9*d - 2. Let j(p) = -5*l(p) + 4*u(p). Let n be j(-18). Determine o(n).
-29
Let l(s) = -s**2 + 29. Let d(g) = -g**2 - 7*g + 30. Suppose 33*r = 24*r + 27. Let q be d(r). Calculate l(q).
29
Suppose -4*t = a + 101 - 78, -a - 5*t - 29 = 0. Let h(d) = -d**2 - 5*d - 1. Determine h(a).
-7
Suppose -131 = -5*i - 4*w, 9*w - 1